{"id":52,"date":"2025-03-11T13:38:59","date_gmt":"2025-03-11T12:38:59","guid":{"rendered":"https:\/\/www.cimbalovekurzy.cz\/?page_id=52"},"modified":"2025-11-07T12:00:17","modified_gmt":"2025-11-07T11:00:17","slug":"podzimni-kurzy","status":"publish","type":"page","link":"https:\/\/www.cimbalovekurzy.cz\/?page_id=52","title":{"rendered":"Podzimn\u00ed kurzy"},"content":{"rendered":"\t\t<div data-elementor-type=\"wp-page\" data-elementor-id=\"52\" class=\"elementor elementor-52\">\n\t\t\t\t<div class=\"elementor-element elementor-element-48a5695 e-flex e-con-boxed e-con e-parent\" data-id=\"48a5695\" data-element_type=\"container\" data-settings=\"{&quot;background_background&quot;:&quot;classic&quot;}\">\n\t\t\t\t\t<div class=\"e-con-inner\">\n\t\t\t\t\t<\/div>\n\t\t\t\t<\/div>\n\t\t<div class=\"elementor-element elementor-element-beed731 e-flex e-con-boxed e-con e-parent\" data-id=\"beed731\" data-element_type=\"container\">\n\t\t\t\t\t<div class=\"e-con-inner\">\n\t\t\t\t<div class=\"elementor-element elementor-element-c7df1dd elementor-widget elementor-widget-heading\" data-id=\"c7df1dd\" data-element_type=\"widget\" data-widget_type=\"heading.default\">\n\t\t\t\t<div class=\"elementor-widget-container\">\n\t\t\t\t\t<h2 class=\"elementor-heading-title elementor-size-default\">podzimn\u00ed cimb\u00e1lov\u00e9 kurzy<br>27. - 31. 10. 2026<\/h2>\t\t\t\t<\/div>\n\t\t\t\t<\/div>\n\t\t\t\t\t<\/div>\n\t\t\t\t<\/div>\n\t\t<div class=\"elementor-element elementor-element-c0b9c49 e-flex e-con-boxed e-con e-parent\" data-id=\"c0b9c49\" data-element_type=\"container\">\n\t\t\t\t\t<div class=\"e-con-inner\">\n\t\t\t\t<div class=\"elementor-element elementor-element-be29901 elementor-align-center elementor-widget elementor-widget-button\" data-id=\"be29901\" data-element_type=\"widget\" data-widget_type=\"button.default\">\n\t\t\t\t<div class=\"elementor-widget-container\">\n\t\t\t\t\t\t\t\t\t<div class=\"elementor-button-wrapper\">\n\t\t\t\t\t<a class=\"elementor-button elementor-size-sm\" role=\"button\">\n\t\t\t\t\t\t<span class=\"elementor-button-content-wrapper\">\n\t\t\t\t\t\t\t\t\t<span class=\"elementor-button-text\">P\u0159ihl\u00e1\u0161ka<\/span>\n\t\t\t\t\t<\/span>\n\t\t\t\t\t<\/a>\n\t\t\t\t<\/div>\n\t\t\t\t\t\t\t\t<\/div>\n\t\t\t\t<\/div>\n\t\t\t\t\t<\/div>\n\t\t\t\t<\/div>\n\t\t<div class=\"elementor-element elementor-element-5f2c81f e-flex e-con-boxed e-con e-parent\" data-id=\"5f2c81f\" data-element_type=\"container\">\n\t\t\t\t\t<div class=\"e-con-inner\">\n\t\t\t\t<div class=\"elementor-element elementor-element-113c85c elementor-widget elementor-widget-text-editor\" data-id=\"113c85c\" data-element_type=\"widget\" data-widget_type=\"text-editor.default\">\n\t\t\t\t<div class=\"elementor-widget-container\">\n\t\t\t\t\t\t\t\t\t<p><span style=\"color: #000000;\"><strong>M\u00edsto:<\/strong> Chalupy na Rali\u0161ce<\/span><\/p><p><span style=\"color: #000000;\"><strong>Cena:<\/strong> 5900,- K\u010d (cena zahrnuje kurzovn\u00e9, ubytov\u00e1n\u00ed s polopenz\u00ed &#8211; ob\u011bd a ve\u010de\u0159i)<\/span><\/p><p><span style=\"color: #000000;\"><span class=\"OYPEnA font-feature-liga-off font-feature-clig-off font-feature-calt-off text-decoration-none text-strikethrough-none\">\u2013\u00a0<\/span>optimalizov\u00e1no tak\u00e9 na financov\u00e1n\u00ed v r\u00e1mci \u0160ablon \u2013 DVPP<\/span><\/p><p><span style=\"color: #000000;\"><strong>Doporu\u010den\u00fd v\u011bk:<\/strong> 16+<\/span><\/p><p><span style=\"color: #000000;\"><strong>P\u0159edpokl\u00e1dan\u00e1 \u00farove\u0148:<\/strong> pokro\u010dil\u00ed<\/span><\/p><p><span style=\"color: #000000;\"><strong>Kapacita \u00fa\u010dastn\u00edk\u016f:<\/strong> 28<\/span><\/p><p><span style=\"text-decoration: underline; color: #000000;\"><strong>N\u00e1pl\u0148 kurz\u016f:<\/strong><\/span><\/p><p><span style=\"color: #000000;\">&#8211; kurzy jsou ur\u010deny pro cimbalisty*ky, kte\u0159\u00ed maj\u00ed chu\u0165 rozv\u00edjet sv\u00e9 znalosti a dovednosti ve spolupr\u00e1ci s profesion\u00e1ly v oboru i mimo n\u011bj<\/span><\/p><p><span style=\"color: #000000;\">&#8211; ka\u017edodenn\u00ed p\u0159edn\u00e1\u0161ky v bloc\u00edch<\/span><\/p><p><span style=\"color: #000000;\">&#8211; individu\u00e1ln\u00ed konzultace s lektory<\/span><\/p><p><span style=\"color: #000000;\">&#8211; skupinov\u00e9 diskuse na vybran\u00e1 t\u00e9mata<\/span><\/p><ul><li><span style=\"color: #000000;\">lidov\u00e1 hudba (aran\u017eov\u00e1n\u00ed, harmonizace, um\u011bleck\u00e9 veden\u00ed kapely, apod.)<\/span><\/li><li><span style=\"color: #000000;\">jazzov\u00e1 interpretace<\/span><\/li><li><span style=\"color: #000000;\">interpretace a tvorba soudob\u00e9 um\u011bleck\u00e9 hudby<\/span><\/li><li><span style=\"color: #000000;\">interpretace star\u00e9 hudby<\/span><\/li><li><span style=\"color: #000000;\">lad\u011bn\u00ed, \u00fadr\u017eba n\u00e1stroje, balen\u00ed pali\u010dek<\/span><\/li><\/ul>\t\t\t\t\t\t\t\t<\/div>\n\t\t\t\t<\/div>\n\t\t\t\t\t<\/div>\n\t\t\t\t<\/div>\n\t\t\t\t<\/div>\n\t\t","protected":false},"excerpt":{"rendered":"<p>podzimn\u00ed cimb\u00e1lov\u00e9 kurzy27. &#8211; 31. 10. 2026 P\u0159ihl\u00e1\u0161ka M\u00edsto: Chalupy na Rali\u0161ce Cena: 5900,- K\u010d (cena zahrnuje kurzovn\u00e9, ubytov\u00e1n\u00ed s polopenz\u00ed &#8211; ob\u011bd a ve\u010de\u0159i) \u2013\u00a0optimalizov\u00e1no tak\u00e9 na financov\u00e1n\u00ed v r\u00e1mci \u0160ablon \u2013 DVPP Doporu\u010den\u00fd v\u011bk: 16+ P\u0159edpokl\u00e1dan\u00e1 \u00farove\u0148: pokro\u010dil\u00ed Kapacita \u00fa\u010dastn\u00edk\u016f: 28 N\u00e1pl\u0148 kurz\u016f: &#8211; kurzy jsou ur\u010deny pro cimbalisty*ky, kte\u0159\u00ed maj\u00ed chu\u0165 rozv\u00edjet [&hellip;]<\/p>\n","protected":false},"author":1,"featured_media":0,"parent":0,"menu_order":0,"comment_status":"closed","ping_status":"closed","template":"","meta":{"footnotes":""},"class_list":["post-52","page","type-page","status-publish","hentry"],"_links":{"self":[{"href":"https:\/\/www.cimbalovekurzy.cz\/index.php?rest_route=\/wp\/v2\/pages\/52","targetHints":{"allow":["GET"]}}],"collection":[{"href":"https:\/\/www.cimbalovekurzy.cz\/index.php?rest_route=\/wp\/v2\/pages"}],"about":[{"href":"https:\/\/www.cimbalovekurzy.cz\/index.php?rest_route=\/wp\/v2\/types\/page"}],"author":[{"embeddable":true,"href":"https:\/\/www.cimbalovekurzy.cz\/index.php?rest_route=\/wp\/v2\/users\/1"}],"replies":[{"embeddable":true,"href":"https:\/\/www.cimbalovekurzy.cz\/index.php?rest_route=%2Fwp%2Fv2%2Fcomments&post=52"}],"version-history":[{"count":91,"href":"https:\/\/www.cimbalovekurzy.cz\/index.php?rest_route=\/wp\/v2\/pages\/52\/revisions"}],"predecessor-version":[{"id":498,"href":"https:\/\/www.cimbalovekurzy.cz\/index.php?rest_route=\/wp\/v2\/pages\/52\/revisions\/498"}],"wp:attachment":[{"href":"https:\/\/www.cimbalovekurzy.cz\/index.php?rest_route=%2Fwp%2Fv2%2Fmedia&parent=52"}],"curies":[{"name":"wp","href":"https:\/\/api.w.org\/{rel}","templated":true}]}}