{"id":54,"date":"2025-03-11T13:39:13","date_gmt":"2025-03-11T12:39:13","guid":{"rendered":"https:\/\/www.cimbalovekurzy.cz\/?page_id=54"},"modified":"2025-09-23T19:50:14","modified_gmt":"2025-09-23T17:50:14","slug":"pedagogicke-kurzy","status":"publish","type":"page","link":"https:\/\/www.cimbalovekurzy.cz\/?page_id=54","title":{"rendered":"Pedagogick\u00e9 kurzy"},"content":{"rendered":"\t\t<div data-elementor-type=\"wp-page\" data-elementor-id=\"54\" class=\"elementor elementor-54\">\n\t\t\t\t<div class=\"elementor-element elementor-element-987b4ce e-flex e-con-boxed e-con e-parent\" data-id=\"987b4ce\" data-element_type=\"container\" data-settings=\"{&quot;background_background&quot;:&quot;classic&quot;}\">\n\t\t\t\t\t<div class=\"e-con-inner\">\n\t\t\t\t\t<\/div>\n\t\t\t\t<\/div>\n\t\t<div class=\"elementor-element elementor-element-f8c7b6e e-flex e-con-boxed e-con e-parent\" data-id=\"f8c7b6e\" data-element_type=\"container\">\n\t\t\t\t\t<div class=\"e-con-inner\">\n\t\t\t\t<div class=\"elementor-element elementor-element-f8d8313 elementor-widget elementor-widget-heading\" data-id=\"f8d8313\" data-element_type=\"widget\" data-widget_type=\"heading.default\">\n\t\t\t\t<div class=\"elementor-widget-container\">\n\t\t\t\t\t<h2 class=\"elementor-heading-title elementor-size-default\">kurzy pro pedagogy*\u017eky cimb\u00e1lu<\/h2>\t\t\t\t<\/div>\n\t\t\t\t<\/div>\n\t\t\t\t\t<\/div>\n\t\t\t\t<\/div>\n\t\t<div class=\"elementor-element elementor-element-7505a47 e-flex e-con-boxed e-con e-parent\" data-id=\"7505a47\" data-element_type=\"container\">\n\t\t\t\t\t<div class=\"e-con-inner\">\n\t\t\t\t<div class=\"elementor-element elementor-element-f6061bb elementor-widget elementor-widget-text-editor\" data-id=\"f6061bb\" data-element_type=\"widget\" data-widget_type=\"text-editor.default\">\n\t\t\t\t<div class=\"elementor-widget-container\">\n\t\t\t\t\t\t\t\t\t<p class=\"cvGsUA direction-ltr align-start para-style-body\"><span style=\"color: #000000;\"><strong><span class=\"OYPEnA font-feature-liga-off font-feature-clig-off font-feature-calt-off text-decoration-none text-strikethrough-none\">M\u00edsto:<\/span><\/strong><span class=\"OYPEnA font-feature-liga-off font-feature-clig-off font-feature-calt-off text-decoration-none text-strikethrough-none\"> Brno\/Ostrava\/jin\u00e9<\/span><\/span><\/p><p class=\"cvGsUA direction-ltr align-start para-style-body\"><span style=\"color: #000000;\"><strong><span class=\"OYPEnA font-feature-liga-off font-feature-clig-off font-feature-calt-off text-decoration-none text-strikethrough-none\">Cena:<\/span><\/strong><span class=\"OYPEnA font-feature-liga-off font-feature-clig-off font-feature-calt-off text-decoration-none text-strikethrough-none\"> 1500,- K\u010d pro pedagogy*\u017eky \/ <\/span><\/span><span style=\"color: #000000; font-family: var( --e-global-typography-text-font-family ), Sans-serif; font-weight: var( --e-global-typography-text-font-weight ); text-align: var(--text-align); font-size: 1rem;\">500,- K\u010d pro studenty*ky<\/span><\/p><p class=\"cvGsUA direction-ltr align-start para-style-body\"><span class=\"OYPEnA font-feature-liga-off font-feature-clig-off font-feature-calt-off text-decoration-none text-strikethrough-none\" style=\"color: #000000;\">\u2013 cena zahrnuje jeden semin\u00e1\u0159<\/span><\/p><p class=\"cvGsUA direction-ltr align-start para-style-body\"><span class=\"OYPEnA font-feature-liga-off font-feature-clig-off font-feature-calt-off text-decoration-none text-strikethrough-none\" style=\"color: #000000;\">\u2013 <\/span><span style=\"color: #000000;\">optimalizov\u00e1no tak\u00e9 na financov\u00e1n\u00ed v r\u00e1mci \u0160ablon &#8211; DVPP<\/span><\/p><p class=\"cvGsUA direction-ltr align-start para-style-body\"><span style=\"color: #000000;\"><strong><span class=\"OYPEnA font-feature-liga-off font-feature-clig-off font-feature-calt-off text-decoration-none text-strikethrough-none\">Doporu\u010den\u00fd v\u011bk:<\/span><\/strong><span class=\"OYPEnA font-feature-liga-off font-feature-clig-off font-feature-calt-off text-decoration-none text-strikethrough-none\"> 16+<\/span><\/span><\/p><p class=\"cvGsUA direction-ltr align-start para-style-body\"><span style=\"color: #000000;\"><strong><span class=\"OYPEnA font-feature-liga-off font-feature-clig-off font-feature-calt-off text-decoration-none text-strikethrough-none\">P\u0159edpokl\u00e1dan\u00e1 \u00farove\u0148:<\/span><\/strong><span class=\"OYPEnA font-feature-liga-off font-feature-clig-off font-feature-calt-off text-decoration-none text-strikethrough-none\"> budouc\u00ed, za\u010d\u00ednaj\u00edc\u00ed i zku\u0161en\u00ed pedagogov\u00e9*\u017eky<\/span><\/span><\/p><p class=\"cvGsUA direction-ltr align-start para-style-body\"><span style=\"color: #000000;\"><strong><span class=\"OYPEnA font-feature-liga-off font-feature-clig-off font-feature-calt-off text-decoration-none text-strikethrough-none\">Kapacita \u00fa\u010dastn\u00edk\u016f:<\/span><\/strong><span class=\"OYPEnA font-feature-liga-off font-feature-clig-off font-feature-calt-off text-decoration-none text-strikethrough-none\"> 30+<\/span><\/span><\/p><p class=\"cvGsUA direction-ltr align-start para-style-body\"><span style=\"text-decoration: underline;\"><strong><span class=\"OYPEnA font-feature-liga-off font-feature-clig-off font-feature-calt-off text-decoration-none text-strikethrough-none\" style=\"color: #000000; text-decoration: underline;\">N\u00e1pl\u0148 kurz\u016f:<\/span><\/strong><\/span><\/p><p class=\"cvGsUA direction-ltr align-start para-style-body\"><span class=\"OYPEnA font-feature-liga-off font-feature-clig-off font-feature-calt-off text-decoration-none text-strikethrough-none\" style=\"color: #000000;\">\u2013 celodenn\u00ed teoretick\u00e9 p\u0159edn\u00e1\u0161ky na vybran\u00e1 t\u00e9mata s profesion\u00e1ly*kami z r\u016fzn\u00fdch obor\u016f<\/span><\/p><p><span class=\"OYPEnA font-feature-liga-off font-feature-clig-off font-feature-calt-off text-decoration-none text-strikethrough-none\" style=\"color: #000000;\">\u2013 praktick\u00e9 workshopy<\/span><\/p><p><span class=\"OYPEnA font-feature-liga-off font-feature-clig-off font-feature-calt-off text-decoration-none text-strikethrough-none\" style=\"color: #000000;\">\u2013 diskuse<\/span><\/p><p><span class=\"OYPEnA font-feature-liga-off font-feature-clig-off font-feature-calt-off text-decoration-none text-strikethrough-none\" style=\"color: #000000;\">\u2013 sd\u00edlen\u00ed zku\u0161enost\u00ed a informac\u00ed mezi \u00fa\u010dastn\u00edky*cemi<\/span><\/p><p class=\"cvGsUA direction-ltr align-start para-style-body\"><span class=\"OYPEnA font-feature-liga-off font-feature-clig-off font-feature-calt-off text-decoration-none text-strikethrough-none\" style=\"color: #000000;\">\u2013 jednotliv\u00e9 semin\u00e1\u0159e jsou zam\u011b\u0159eny na t\u00e9mata \u00fazce souvisej\u00edc\u00ed s problematikou v\u00fduky hry na cimb\u00e1l<\/span><\/p>\t\t\t\t\t\t\t\t<\/div>\n\t\t\t\t<\/div>\n\t\t\t\t\t<\/div>\n\t\t\t\t<\/div>\n\t\t\t\t<\/div>\n\t\t","protected":false},"excerpt":{"rendered":"<p>kurzy pro pedagogy*\u017eky cimb\u00e1lu M\u00edsto: Brno\/Ostrava\/jin\u00e9 Cena: 1500,- K\u010d pro pedagogy*\u017eky \/ 500,- K\u010d pro studenty*ky \u2013 cena zahrnuje jeden semin\u00e1\u0159 \u2013 optimalizov\u00e1no tak\u00e9 na financov\u00e1n\u00ed v r\u00e1mci \u0160ablon &#8211; DVPP Doporu\u010den\u00fd v\u011bk: 16+ P\u0159edpokl\u00e1dan\u00e1 \u00farove\u0148: budouc\u00ed, za\u010d\u00ednaj\u00edc\u00ed i zku\u0161en\u00ed pedagogov\u00e9*\u017eky Kapacita \u00fa\u010dastn\u00edk\u016f: 30+ N\u00e1pl\u0148 kurz\u016f: \u2013 celodenn\u00ed teoretick\u00e9 p\u0159edn\u00e1\u0161ky na vybran\u00e1 t\u00e9mata s profesion\u00e1ly*kami [&hellip;]<\/p>\n","protected":false},"author":1,"featured_media":0,"parent":0,"menu_order":0,"comment_status":"closed","ping_status":"closed","template":"","meta":{"footnotes":""},"class_list":["post-54","page","type-page","status-publish","hentry"],"_links":{"self":[{"href":"https:\/\/www.cimbalovekurzy.cz\/index.php?rest_route=\/wp\/v2\/pages\/54","targetHints":{"allow":["GET"]}}],"collection":[{"href":"https:\/\/www.cimbalovekurzy.cz\/index.php?rest_route=\/wp\/v2\/pages"}],"about":[{"href":"https:\/\/www.cimbalovekurzy.cz\/index.php?rest_route=\/wp\/v2\/types\/page"}],"author":[{"embeddable":true,"href":"https:\/\/www.cimbalovekurzy.cz\/index.php?rest_route=\/wp\/v2\/users\/1"}],"replies":[{"embeddable":true,"href":"https:\/\/www.cimbalovekurzy.cz\/index.php?rest_route=%2Fwp%2Fv2%2Fcomments&post=54"}],"version-history":[{"count":94,"href":"https:\/\/www.cimbalovekurzy.cz\/index.php?rest_route=\/wp\/v2\/pages\/54\/revisions"}],"predecessor-version":[{"id":494,"href":"https:\/\/www.cimbalovekurzy.cz\/index.php?rest_route=\/wp\/v2\/pages\/54\/revisions\/494"}],"wp:attachment":[{"href":"https:\/\/www.cimbalovekurzy.cz\/index.php?rest_route=%2Fwp%2Fv2%2Fmedia&parent=54"}],"curies":[{"name":"wp","href":"https:\/\/api.w.org\/{rel}","templated":true}]}}